 (-5)/y). Let n = l - -3. What are the prime factors of n?
2
Suppose 4*g - 2*h = 0, 0*h + 5*h + 12 = 4*g. What are the prime factors of (g/2)/(1/(-6))?
2, 3
Let m(r) be the first derivative of -r**2 + 2/3*r**3 + 0*r - 1. What are the prime factors of m(2)?
2
Suppose 3*f = -f - 5*o - 39, -o = -5*f - 27. What are the prime factors of (f/6)/(1/(-6))?
2, 3
Let a(t) = 15*t. Let s be a(-7). Let g = s - -152. What are the prime factors of g?
47
Let j = 2 + 3. Let f(y) = -y + 5. Let o be f(7). Let r = j + o. List the prime factors of r.
3
Let i = 74 + -51. Suppose m + b + 1 - i = 0, 0 = 3*m - 3*b - 72. Suppose 2*z - 2*o - 12 = -o, 3*z = -o + m. What are the prime factors of z?
7
Let r = -7 + 16. Suppose -7*u + 5*z + 10 = -2*u, 3*u + r = -2*z. Let c(n) = 19*n**2 + n + 1. List the prime factors of c(u).
19
Let w = 1 - -6. Suppose 4*k - w = -z + 3*k, 0 = -5*z - 3*k + 31. What are the prime factors of z?
5
Suppose -d + 0 + 8 = 0. Let w be (6/8)/(2/d). Suppose -w*a + 28 = -a. What are the prime factors of a?
2, 7
Let k(g) = g**3 + 6*g**2 + 5*g + 9. List the prime factors of k(-4).
3, 7
Suppose -4*p - 260 = -5*o + 2*o, -o = -4*p - 84. What are the prime factors of o?
2, 11
Let o(t) = -t**2 + 4*t. Let c be o(4). Suppose c*g = -4*g + 52. List the prime factors of g.
13
Suppose 11 + 4 = 3*z. Suppose -15 = 5*c, -9 = -0*u - 4*u - z*c. Suppose h = -u + 28. What are the prime factors of h?
2, 11
Let k be (-51)/(-6)*(1 + 1). Let n = k + 2. List the prime factors of n.
19
Let n = 1940 + -1340. Suppose -n = -2*v - 3*v. List the prime factors of ((-2)/5)/((-4)/v).
2, 3
Let s(h) = 2*h**3 - 4*h - 3*h**3 + 7*h - 10*h**2 - 2 + 13*h**2. What are the prime factors of s(2)?
2
Let k be 1 + -1 - (-10 + 8). Suppose -k*s - 5*b - 47 = -5*s, 0 = 3*s - 2*b - 35. What are the prime factors of s?
3
List the prime factors of (-171)/(-5) - 3/15.
2, 17
Suppose 5*o - 175 = -0*o. Let v = 2 + o. List the prime factors of v.
37
Let t(u) = -u - 4. Let m be t(-11). Suppose 3*s = m*s - 156. What are the prime factors of s?
3, 13
Let o = 6 - 9. Let v be (-252)/27 - 1/o. Let j = v + 16. List the prime factors of j.
7
Suppose -4*z + 109 + 139 = 0. What are the prime factors of z?
2, 31
Let m(i) = -i + 1. Let f be m(0). Let t be (-1)/(-2)*1*24. What are the prime factors of 5*(f - t/(-15))?
3
Let n = 24 + -8. Suppose -3*a - 15 = 2*z - 85, -2*a + z = -35. Suppose 3*v - a - n = 0. List the prime factors of v.
2, 3
Suppose 0 = -h + 2*h + a - 55, -2*h = -5*a - 124. List the prime factors of h.
3, 19
Let q be 6/4*16/6. What are the prime factors of q/2 - 39/(-3)?
3, 5
What are the prime factors of (-194)/4*(20/5 - 6)?
97
Let s = 17 + -49. Let r = s - -53. List the prime factors of r.
3, 7
Suppose -55 + 11 = 4*o. Let p be (o/1)/(1/(-1)). Suppose -13 = -3*a + p. List the prime factors of a.
2
Let j(a) = -a**3 + 4*a**2 - a - 1. Let v be j(4). List the prime factors of 1 + -1 + (v - -51).
2, 23
What are the prime factors of 81/(-2)*(-10 - -8)?
3
Let w(r) be the first derivative of -r**4/4 - 4*r**3/3 - 3*r + 4. What are the prime factors of w(-5)?
2, 11
List the prime factors of 34/(-4)*(-4 + 0).
2, 17
List the prime factors of (2 - -2) + (-297)/(-11).
31
Let a = 144 + -99. Let o = -28 + a. List the prime factors of o.
17
Suppose 0 = o + o + 4. Let z(c) = 2*c**2 - 4*c - 3. What are the prime factors of z(o)?
13
Let t(a) = -35*a. Let k be t(1). Let s = 55 + k. What are the prime factors of s?
2, 5
Let r be (-276)/(-14) - (-2)/7. Let h be ((-2)/5)/((-2)/r). Suppose -27 + 7 = -h*i. List the prime factors of i.
5
Suppose -2*g = 3*x - 228, -4*g = -3*x + 147 + 99. List the prime factors of 5/20 + x/8.
2, 5
Let w(v) = v**2 + 18 + 6*v - 3 + 5*v. Let q be w(-11). List the prime factors of 0 + (q - 3) + 3.
3, 5
Let j = 0 + 0. What are the prime factors of -1 + (1 + 4 - j)?
2
Let z be (10/5)/(2/(-3)). Let m be (z/9 - 1)*18. Let j = m - -35. List the prime factors of j.
11
Let x be (-22)/(-6) - (-8)/(-12). What are the prime factors of (-30)/(-9)*9/x?
2, 5
Let a be -18*(-5)/(45/(-6)). Let p = -6 - a. List the prime factors of p.
2, 3
Let b be 2/(-7) - 246/21. Let j = 18 + b. What are the prime factors of j?
2, 3
Suppose 4*k - 33 = 15. What are the prime factors of k?
2, 3
Let g(v) = v**2 - 3*v + 15. Let b be g(-18). List the prime factors of b/12 + (-2)/(-8).
3, 11
Let s be 0 - (0 - 1)*-6. What are the prime factors of 81/s*4/(-6)?
3
Let i(n) = -n**3 + 3*n**2 + 5*n - 2. List the prime factors of i(3).
13
Let m(f) = -f**3 - 3*f**2 - 3*f - 1. Let q be m(-2). Let l be -2 + 0 + (1 - -4). Suppose -c + l = -q. What are the prime factors of c?
2
Let h = -6 + 27. What are the prime factors of h?
3, 7
Suppose -2*i + 27 = i. Let t = 11 - i. List the prime factors of t.
2
Let p(q) = q**2 - q + 72. Let n be p(0). What are the prime factors of (-1)/(1*(-3)/n)?
2, 3
Let t(u) = -u + 6. Let w be t(-5). Suppose 0 = -5*v - 3*a - 63, -w = 2*v - v - a. What are the prime factors of (-2)/v*4*18?
2, 3
Let t = -24 - 10. Let f = -20 - t. What are the prime factors of f?
2, 7
List the prime factors of 2/(-16)*-4*122.
61
Suppose -4*p - 66 = 22. Let u = -8 - p. What are the prime factors of u?
2, 7
Suppose 158 + 838 = 4*a. List the prime factors of a.
3, 83
Suppose 2*x - x - 3*a = 45, 0 = a. What are the prime factors of x?
3, 5
Suppose 8*c - 2*u + 10 = 3*c, 0 = 2*u - 10. Suppose c = 4*d - 5*h + 88, 3*d + h = -17 - 30. Let f = d - -26. What are the prime factors of f?
3
Suppose 4*q + q + r = 5, 4*q = -5*r + 25. Suppose j - 5 = -q*j. Suppose -4*t = -4*v + 12, 17 - 1 = j*v - 4*t. What are the prime factors of v?
2
Suppose 0 = -5*r + 35 + 15. Let l = 7 - r. List the prime factors of (-1)/l + 62/3.
3, 7
Let i be 18/6*(-13)/(-3). What are the prime factors of -1 + i*(1 - 0)?
2, 3
Let c(r) = 7*r + 5. What are the prime factors of c(5)?
2, 5
List the prime factors of 4/(-2) + 3 - -25.
2, 13
Suppose -o + 3*i + 21 = 0, 2*o = -0*i - 3*i + 6. Let j be -3 + 3 - (-3 - -1). Suppose 5*z - j*z - o = 0. What are the prime factors of z?
3
Let q(n) = 5*n + 3 - n**3 - 8 - 5*n**2 - n. Let f(s) = s**2 + 5*s - 2. Let u be f(-4). List the prime factors of q(u).
7
Let p = -145 - -208. List the prime factors of p.
3, 7
What are the prime factors of (4 - 6/2) + 16?
17
Suppose v + 1 = 2*v - 4*x, 2*v - 5*x - 8 = 0. Suppose -v = -3*h + 9. What are the prime factors of h?
2, 3
Let u(r) = -r**3 + 5*r**2 + 2*r - 3. Let x = 1 + 4. What are the prime factors of u(x)?
7
Suppose -m + 2 + 4 = 0. Let c = m + 8. Let q = c - 5. What are the prime factors of q?
3
Suppose 2*w - 2 = -2*p, 4*w - 5*w - 9 = -p. Suppose 0 = -0*f - p*f. Suppose -3*t - 15 = -4*h, t = -f*h - 3*h + 21. What are the prime factors of h?
2, 3
Suppose -5*f = -3*q - 0*q - 563, -2*f = 4*q - 220. List the prime factors of f.
2, 7
Suppose c + 1 - 4 = 0. Let q be (6/(-5))/(c/(-30)). List the prime factors of (24/16)/(1/q).
2, 3
Let c = -43 + 75. What are the prime factors of c?
2
Suppose 0 = 3*s + 2*s - 2*m - 139, -s - 5*m + 44 = 0. List the prime factors of (-3 + 6)/3*s.
29
Suppose -s + 5 = 0, -21 = -2*a + 4*s - 7*s. What are the prime factors of -1 - 3/(a/(-5))?
2
Suppose -125 = -w + 33. What are the prime factors of w?
2, 79
Let d(q) = -4*q**3 - q. Let s be d(-1). Suppose 0 = -s*t + 20 + 25. What are the prime factors of t?
3
Let d = 5 - 5. Suppose d = 2*h - 13 - 5. Suppose h = -3*q, y = 6*y - 2*q - 61. List the prime factors of y.
11
Suppose 2*m + 8 = 0, -6*m = 2*u - 2*m - 202. List the prime factors of u.
109
Suppose -1 - 575 = -2*c - 2*y, -3*y - 561 = -2*c. Suppose -1015 - c = 5*j. List the prime factors of j/(-25) - (-4)/(-10).
2, 5
Let t(f) = -f**2 + f - 32. Let c be t(0). Let o = c + 54. What are the prime factors of o?
2, 11
Let g(p) = 4*p**2 + p - 1. Let v(a) = -a**3 - 7*a**2 - a - 6. Let t be v(-7). What are the prime factors of g(t)?
2
Let x = -9 + 6. Let k = x + 5. Suppose -24 = -k*p - p. What are the prime factors of p?
2
Let k = 86 + -30. What are the prime factors of k?
2, 7
Let l(r) = -4*r - 4. Let t(q) = 5*q + 5. Let h(f) = 3*l(f) + 2*t(f). List the prime factors of h(-13).
2, 3
Let d(y) = 5*y - 2. Let f be d(2). Let s(i) = f + i - 8 + 7. What are the prime factors of s(-5)?
2
Let m(d) = -6*d - 4. Let t be m(-3). Let y = 19 - t. What are the prime factors of y?
5
Suppose 2*l = 7*l - 365. List the p